2 + -6 + 2).
-4
What is the value of -3 + 3 + -9 + 15?
6
What is the value of (-10 - -7) + (-4 - -9)?
2
Calculate -2 + 6 + (2 - 2) + -2.
2
Calculate 0 - (-6 - (-2 + 1)).
5
Calculate (6 - (0 - (1 - 4))) + -9.
-6
-22 + -13 + 24 + 6
-5
What is -6 + 2 + (1 - 4) + 1?
-6
What is the value of (7 - 3) + -4 - 0?
0
What is 9 + (0 - 3) - (-13 - -25)?
-6
Evaluate -10 + (-9 - (-5 - 8)).
-6
Evaluate (-10 - -11 - 11) + 9.
-1
What is the value of -1 + 3 + -1 + -1 + -1?
-1
What is the value of 1 - 5 - (1 - 4)?
-1
What is the value of 2 - -1 - (1 + 5)?
-3
-5 + (-4 - -3 - 3)
-9
Calculate -12 + 8 - (1 - 0).
-5
What is the value of 3 + -1 + (6 - (14 + -4))?
-2
-3 - (1 + -3 - -4)
-5
(-5 - 1 - 1) + (2 - -1)
-4
What is (-3 - (-5 + -1)) + 1 + -8?
-4
(-5 - (2 + -5)) + (-1 - 4)
-7
Calculate (-3 - (-8 - 0)) + (-11 - -10).
4
What is the value of -1 + -5 + (-5 - -6 - -2)?
-3
What is the value of -7 + -6 + 5 + 5?
-3
-2 - (1 + 0) - (-51 - -47)
1
What is the value of (-5 + 7 + 4 - 2) + -2?
2
-4 + 11 - (-1 + 10)
-2
3 + 2 + -6 + 6
5
Evaluate (1 - -1) + (5 - 14 - -2).
-5
What is the value of (-13 - (9 - 14)) + 3?
-5
What is (-5 - -7) + (-6 - (2 + -1))?
-5
What is 9 + -5 - 10 - 3?
-9
What is (10 - 3 - (0 + 1)) + -6?
0
What is the value of -3 + (11 + 8 - (0 - -8))?
8
Evaluate 3 - 6 - 1 - (-5 + -2).
3
Calculate 1 + -6 + 1 - (-79 - -75).
0
What is the value of 9 + (0 - 5) + 1 + 0?
5
What is the value of -3 - (1 + -2 + -1)?
-1
19 + 4 - (8 - -6)
9
What is 1 + (-10 + 9 - 3)?
-3
What is the value of 9 - (-2 - (-4 + -4 + 3))?
6
What is -3 + 8 - 4 - 1 - 3?
-3
What is 0 + 8 + -4 + (-3 - 0)?
1
Calculate 4 + (1 - 2) - (-14 + 11).
6
What is (-1 - -3) + -3 - (-4 + 0)?
3
Calculate 38 - 43 - (0 + -3 - -8).
-10
Calculate 0 + -2 + 6 + 3 + -3.
4
Calculate 1 - (-6 + 5 - (-4 - -1)).
-1
What is the value of 14 - 4 - (-5 - -9)?
6
What is the value of -1 - -6 - 5 - -4?
4
What is the value of -10 + 5 - 7 - -6?
-6
Calculate -2 + -2 + (14 - 8).
2
Calculate -1 + -25 + 20 + (2 - 1).
-5
What is -2 - -2 - (-13 - -15)?
-2
3 + -2 + (2 - 0 - -3)
6
-7 + 13 + -7 - (0 - 0)
-1
Calculate -2 - (-14 + (4 - (-2 - -1))).
7
-7 - (10 + -18) - 9
-8
Calculate 6 + (-1 - -2 - (11 - 2)).
-2
Evaluate 6 - (4 - (-14 - -12)).
0
Evaluate -5 - (-8 + 4 + 0).
-1
What is 0 + 6 + -3 + 0?
3
-3 - (-2 + -1 + 2)
-2
Evaluate 7 + -3 - 12 - -9.
1
Calculate (4 - 2) + (3 - 5).
0
Calculate -2 + 1 - (5 - 3).
-3
What is the value of 5 + -7 + -6 - -8?
0
3 - (1 + (6 - -2))
-6
What is -7 + (4 - 0) + 0?
-3
Calculate 1 + (1 - 4) + -1.
-3
Evaluate 3 + (-1 - 5) + 8.
5
What is the value of 3 - -2 - (-81 + 75)?
11
What is the value of -12 + (-2 - -2) + 5?
-7
Calculate 1 + (-3 - 0) + 6.
4
What is -12 + (-8 - -14) + 10?
4
(0 - 0) + (2 + -4 - 0)
-2
Calculate 1 + (-3 - -5 - 2) + -1.
0
Evaluate 3 + (6 - (-1 - -5)).
5
Calculate -2 + (2 - 1) + -19 + 18.
-2
What is the value of 2 - ((6 - 0) + -4) - 0?
0
Calculate (0 - -7) + 15 + -20.
2
Evaluate (1 - 3) + -1 + 2 + 3.
2
Evaluate 1 - -3 - 1 - (-7 + 9).
1
Calculate 9 + (-18 - -7) - (-3 - -1).
0
What is the value of 3 + (-22 - -12) + -2?
-9
Calculate 10 + (5 - 9) + -9.
-3
What is 2 + (-9 - -5) - (-4 - 1)?
3
What is 2 + 0 + (2 - -1)?
5
What is -4 - (2 + (-9 - -2) + 5)?
-4
What is the value of -2 + 1 - -5 - 0?
4
1 + (-6 - -2) + 1
-2
-6 + -7 + 1 + 11
-1
What is the value of -12 - -11 - (5 + -1)?
-5
What is the value of 8 - (4 - -10) - -8?
2
What is the value of -6 - ((-7 - 5) + 4)?
2
Calculate -7 - (4 - 12 - -12).
-11
(-3 - 2) + 0 - (-8 - -1)
2
Calculate 0 + (-9 - -2) + 10 + -6.
-3
Evaluate -2 + -9 - -20 - 15.
-6
What is the value of 25 + -36 + 3 + 12?
4
Evaluate (3 - 3) + 4 + -1 + -1.
2
Calculate (-8 + 7 - 3) + 1.
-3
-3 + 2 + -1 + 3 + 0
1
Calculate -3 - (5 + 2 + -7) - -4.
1
Evaluate -2 + -3 + 1 + 1 + 3.
0
3 - (3 + 3 + -2 + -6)
5
Calculate -2 - (6 - 17 - -17).
-8
What is -2 - -8 - (23 - 9 - 5)?
-3
(-1 + -17 - -18) + (4 - 0)
4
What is the value of (-5 + 2 - -3) + -4 + 4?
0
Evaluate 3 - (18 + (-9 - -3) + -6).
-3
4 - ((2 + -3 - -2) + 6)
-3
What is the value of 13 + -17 + 11 + (-1 - 1)?
5
Calculate 4 - 6 - 0 - -5.
3
Calculate 4 + (-1 - -1) + -1.
3
What is 8 - (4 + 11 + -8)?
1
What is the value of (0 + 2 - 6) + -4?
-8
What is (-9 - -11) + 1 + -9 + 2?
-4
What is the value of 1 + 4 + -8 + 8 - 10?
-5
Evaluate (-4 - (2 + 0)) + 4 - 2.
-4
Evaluate -11 - 2 - (2 - 8).
-7
What is the value of -2 + (2 - 5 - (4 + -6))?
-3
What is -28 + 40 - (0 + 20)?
-8
Evaluate (2 - (-6 - (4 - 14))) + -4.
-6
Calculate -3 + 2 + 4 - (3 - 1).
1
What is -3 + -1 + -2 + 3?
-3
What is 34 + -13 - 12 - 19?
-10
Evaluate (-15 - -11) + (6 - (-1 - -3)).
0
Evaluate -1 - 4 - (-16 + -2 - -14).
-1
What is -2 + 2 + -1 - (1 + -1)?
-1
Calculate -3 + 4 - (-3 + 5 - 4).
3
(2 - -2) + -2 - 1
1
What is the value of -3 + (2 - 2 - (2 + -1))?
-4
Calculate 0 - (-5 - -3 - 3) - -1.
6
Calculate 6 - (6 + 4 - 2).
-2
Calculate -12 + 12 - (2 - 2) - 3.
-3
What is -4 - (6 + -1 + -7)?
-2
Evaluate -3 - ((2 - 6) + (8 - 6)).
-1
Evaluate 2 + 5 - 7 - -6.
6
-11 + 2 + (32 - 28) + 7
2
Calculate (-1 - 2) + 3 + (-6 - -6).
0
What is 2 + (-33 - -34 - (-2 + 0))?
5
(5 + 12 - 4) + -3
10
-2 + (-2 - -3) + 10 + -11
-2
What is 5 + 0 + 1 + 19 + -22?
3
Calculate (-3 + 4 - (-12 - -8)) + 0.
5
Evaluate (-7 - -2) + 12 + -3.
4
What is -1 + 5 - (-8 - -14)?
-2
Evaluate -1 + -13 - (-56 + 49).
-7
What is 4 - (1 + -5 + 5)?
3
What is the value of 1 - -2 - (10 + (7 - 21))?
7
Evaluate -6 + (17 - 5) + -3.
3
What is the value of -23 + 39 + -11 + 2?
7
-2 - (0 + (-1 - -1) - 3)
1
What is the value of -1 + -4 - (-5 - 3)?
3
Calculate -2 - (17 + -21 - (2 + 0)).
4
-21 + -10 + 22 - -4
-5
Calculate -2 - -3 - (9 + -3).
-5
What is 1 + -2 + -1 + 2?
0
-3 + 5 + (2 - -2)
6
-5 - (15 - (-8 + 20))
-8
-4 - ((6 - (7 + 8)) + 6)
-1
Calculate 4 + -7 + 10 - (4 - 1).
4
What is the value of 0 + 2 - (-5 - -2)?
5
What is (-3 - (0 + -7)) + -7?
-3
Evaluate -1 + 4 + 3 + 2 + -2.
6
What is the value of (-2 - -1) + (-10 - -3)?
-8
Calculate (3 - (-2 - -9) - -5) + -1.
0
What is 1 - (0 - (-5 - -4 - 1))?
-1
What is the value of 0 - (1 - (2 + 5))?
6
What is 2 - (11 - 2 - 2)?
-5
Calculate -4 + (0 - (-6 + 2)) + -2.
-2
Evaluate 3 + -1 + 0 - (-21 + 20).
3
11 + 6 + (-27 - -9)
-1
What is 4 + -5 + 1 - -4?
4
What is the value of 2 - 5 - (-11 + 4)?
4
0 - 9 - (55 - 60)
-4
Calculate -1 + (-5 - -2) - -1.
-3
Evaluate (-4 - -5 - (0 - 4)) + -3.
2
Calculate (5 - 5) + (2 - (3 + -2)).
1
6 + (-2 - 13) + 10
1
Calculate 1 - (-1 - (3 + -2 + -1)).
2
What is (-1 - 5) + 4 + (4 - 5)?
-3
What is -10 + (18 - (7 - 3))?
4
0 + (-4 + -1 - -3) + 0
-2
Evaluate -1 - 3 - (-6 + -4 + 8).
-2
Evaluate -20 + 9 + 3 + 0.
-8
Evaluate (5 - -1) + -10 - 0.
-4
Calculate (-3 + 6 - -13) + -4 - 6.
6
Calculate -19 + (-6 + 20 - 6).
-11
Evaluate -5 + 6 + -3 + 3.
1
Calculate 0 + -3 + 7 - 0.
4
What is 0 + -3 + 10 + 1?
8
Evaluate (8 - -1) + -18 + 10.
1
Calculate (-23 - -32) + (-8 - (-3 + 1)).
3
What is the value of -5 + 0 + (9 - 4)?
0
-20 + 26 + (-2 - (-1 - -2))
3
(-9 - (-1 + -9)) + (-1 - 0)
0
What is the value of -30 + 35 - (1 + 7)?
-3
What is 0 - (-2 - 1) - 4?
-1
Evaluate -8 - -4 - -1 - 1.
-4
What is 5 + -6 + -2 - -10?
7
Calculate (14 - 8) + (3 - 9).
0
What is the value of 9 + (-6 - -8 - 5)?
6
What is (3 - 0) + 0 + -5 + 6?
4
Calculate 16 + -7 + (1 - 9).
1
What is the value of 9 - ((-2 - -6) + 12)?
-7
Calculate -3 + 3 - 14 - (-33 + 28).
-9
What is the value of -2 + 6 + 3 + -6?
1
0 - (9 + 0 + (-3 - 1))
-5
What is -4 - (1 + 3 - 12)?
4
What is -2 + (1 - -2) + -4 + 5?
2
Calculate (11 - 5) + -5 - 6.
-5
What is the value of (-2 - -3) + -1 + (3 - 2)?
1
Evaluate (-6 + 4 - (1 + -1)) + -3.
-5
Evaluate (4 - -4) + (10 - (9 - -1)).
8
Calculate 4 + (-6 - -11) + -7 + -3.
-1
Evaluate 7 + -1 + -2 + -3.
1
Evaluate (-4 - -2) + 4 + -8.
-6
What is 7 + (-12 - -6 - 2)?
-1
Evaluate 5 - (14 - (12 + -8)).
-5
5 - 6 - (-3 + 5 - 1)
-2
Evaluate 11 + -13 + 6 + -2.
2
What is the value of 3 - (-4 - (-9 + 5))?
3
What is the value of 0 + -11 + 7 + -5?
-9
Calculate (5 - (10 + -6)) + 4.
5
(5 + -4 - -1 - 5) + -5
-8
What is the value of -6 + 6 + -3 + 0?
-3
Calculate 4 - (-1 + (-5 - (4 + -13))).
1
What is -3 - 0 - (6 - 6)?
-3
Evaluate -7 + (-8 + 1 - -7).
-7
Calculate 6 + (-8 - -6) + (1 - -1).
6
What is 11 - (1 + (-2 - (-2 - 5)))?
5
Evaluate (-2 - (5 - 1)) + 9 + -5.
-2
Evaluate -3 + 1 + (-1 - (-4 + 5)).
-4
What is the value of 3 - (2 - -5) - (1 - 8)?
3
What i